r when 1052 is divided by 117.
116
What is the remainder when 1465 is divided by 113?
109
What is the remainder when 1543 is divided by 770?
3
Calculate the remainder when 227 is divided by 8.
3
Calculate the remainder when 190 is divided by 59.
13
What is the remainder when 2559 is divided by 13?
11
Calculate the remainder when 954 is divided by 135.
9
What is the remainder when 809 is divided by 10?
9
Calculate the remainder when 662 is divided by 18.
14
Calculate the remainder when 2544 is divided by 1262.
20
Calculate the remainder when 119 is divided by 53.
13
Calculate the remainder when 47 is divided by 27.
20
What is the remainder when 300 is divided by 53?
35
Calculate the remainder when 2826 is divided by 36.
18
What is the remainder when 1463 is divided by 477?
32
Calculate the remainder when 1551 is divided by 37.
34
What is the remainder when 45 is divided by 33?
12
What is the remainder when 362 is divided by 11?
10
Calculate the remainder when 2201 is divided by 21.
17
Calculate the remainder when 325 is divided by 30.
25
Calculate the remainder when 220 is divided by 19.
11
Calculate the remainder when 280 is divided by 109.
62
Calculate the remainder when 2229 is divided by 86.
79
Calculate the remainder when 104 is divided by 16.
8
Calculate the remainder when 314 is divided by 195.
119
Calculate the remainder when 124 is divided by 42.
40
What is the remainder when 7610 is divided by 59?
58
Calculate the remainder when 495 is divided by 53.
18
Calculate the remainder when 67891 is divided by 166.
163
What is the remainder when 192 is divided by 20?
12
What is the remainder when 2982 is divided by 594?
12
What is the remainder when 162 is divided by 59?
44
What is the remainder when 466 is divided by 293?
173
What is the remainder when 117 is divided by 60?
57
Calculate the remainder when 13768 is divided by 270.
268
What is the remainder when 121 is divided by 51?
19
Calculate the remainder when 133 is divided by 68.
65
What is the remainder when 1294 is divided by 407?
73
What is the remainder when 113 is divided by 55?
3
What is the remainder when 92 is divided by 14?
8
Calculate the remainder when 65 is divided by 43.
22
Calculate the remainder when 20 is divided by 12.
8
What is the remainder when 1125 is divided by 24?
21
Calculate the remainder when 1330 is divided by 105.
70
Calculate the remainder when 121 is divided by 6.
1
Calculate the remainder when 14458 is divided by 10.
8
Calculate the remainder when 42 is divided by 31.
11
What is the remainder when 3012 is divided by 131?
130
What is the remainder when 1143 is divided by 114?
3
What is the remainder when 212 is divided by 9?
5
Calculate the remainder when 7089 is divided by 2359.
12
What is the remainder when 765 is divided by 136?
85
What is the remainder when 124 is divided by 15?
4
What is the remainder when 562 is divided by 283?
279
What is the remainder when 254 is divided by 8?
6
Calculate the remainder when 215 is divided by 115.
100
What is the remainder when 2308 is divided by 30?
28
Calculate the remainder when 236 is divided by 17.
15
What is the remainder when 1193 is divided by 59?
13
What is the remainder when 122 is divided by 21?
17
Calculate the remainder when 124 is divided by 42.
40
What is the remainder when 289 is divided by 2?
1
Calculate the remainder when 136 is divided by 47.
42
What is the remainder when 353 is divided by 115?
8
Calculate the remainder when 89 is divided by 26.
11
What is the remainder when 723 is divided by 81?
75
Calculate the remainder when 6057 is divided by 1512.
9
Calculate the remainder when 104 is divided by 23.
12
Calculate the remainder when 184 is divided by 31.
29
Calculate the remainder when 4702 is divided by 24.
22
What is the remainder when 76 is divided by 28?
20
What is the remainder when 4947 is divided by 165?
162
What is the remainder when 378 is divided by 49?
35
Calculate the remainder when 581 is divided by 31.
23
Calculate the remainder when 1934 is divided by 278.
266
Calculate the remainder when 2175 is divided by 321.
249
Calculate the remainder when 1167 is divided by 45.
42
Calculate the remainder when 306 is divided by 52.
46
Calculate the remainder when 1137 is divided by 17.
15
What is the remainder when 44 is divided by 25?
19
What is the remainder when 374 is divided by 75?
74
Calculate the remainder when 228 is divided by 113.
2
Calculate the remainder when 8131 is divided by 107.
106
Calculate the remainder when 1423 is divided by 76.
55
Calculate the remainder when 24 is divided by 4.
0
What is the remainder when 1918 is divided by 637?
7
Calculate the remainder when 1138 is divided by 43.
20
What is the remainder when 341 is divided by 18?
17
What is the remainder when 139 is divided by 44?
7
Calculate the remainder when 927 is divided by 152.
15
What is the remainder when 153 is divided by 39?
36
Calculate the remainder when 342 is divided by 68.
2
What is the remainder when 1279 is divided by 16?
15
What is the remainder when 43 is divided by 18?
7
Calculate the remainder when 195 is divided by 41.
31
What is the remainder when 179 is divided by 46?
41
What is the remainder when 976 is divided by 29?
19
Calculate the remainder when 349 is divided by 13.
11
What is the remainder when 98 is divided by 10?
8
What is the remainder when 1833 is divided by 9?
6
Calculate the remainder when 311 is divided by 8.
7
Calculate the remainder when 37 is divided by 7.
2
What is the remainder when 2650 is divided by 57?
28
What is the remainder when 346 is divided by 116?
114
What is the remainder when 271 is divided by 63?
19
What is the remainder when 204 is divided by 9?
6
Calculate the remainder when 87 is divided by 13.
9
Calculate the remainder when 100 is divided by 25.
0
What is the remainder when 874 is divided by 16?
10
What is the remainder when 227 is divided by 12?
11
Calculate the remainder when 309 is divided by 26.
23
What is the remainder when 992 is divided by 323?
23
What is the remainder when 523 is divided by 73?
12
What is the remainder when 205 is divided by 155?
50
What is the remainder when 1426 is divided by 20?
6
What is the remainder when 372 is divided by 128?
116
Calculate the remainder when 107 is divided by 52.
3
What is the remainder when 5 is divided by 1?
0
Calculate the remainder when 429 is divided by 24.
21
Calculate the remainder when 884 is divided by 10.
4
Calculate the remainder when 17 is divided by 11.
6
Calculate the remainder when 26786 is divided by 43.
40
What is the remainder when 376 is divided by 196?
180
What is the remainder when 41 is divided by 15?
11
Calculate the remainder when 3502 is divided by 16.
14
What is the remainder when 599 is divided by 97?
17
What is the remainder when 1143 is divided by 117?
90
Calculate the remainder when 202 is divided by 26.
20
Calculate the remainder when 328 is divided by 45.
13
What is the remainder when 403 is divided by 140?
123
Calculate the remainder when 28 is divided by 21.
7
What is the remainder when 1258 is divided by 68?
34
What is the remainder when 1118 is divided by 20?
18
Calculate the remainder when 440 is divided by 34.
32
What is the remainder when 3475 is divided by 57?
55
Calculate the remainder when 1584 is divided by 69.
66
Calculate the remainder when 1624 is divided by 24.
16
What is the remainder when 2242 is divided by 377?
357
Calculate the remainder when 6755 is divided by 62.
59
Calculate the remainder when 1105 is divided by 361.
22
Calculate the remainder when 90 is divided by 16.
10
Calculate the remainder when 22749 is divided by 373.
369
Calculate the remainder when 2464 is divided by 6.
4
Calculate the remainder when 310 is divided by 42.
16
Calculate the remainder when 67 is divided by 18.
13
What is the remainder when 243 is divided by 42?
33
Calculate the remainder when 385 is divided by 18.
7
What is the remainder when 2031 is divided by 19?
17
Calculate the remainder when 181 is divided by 39.
25
What is the remainder when 90 is divided by 72?
18
Calculate the remainder when 12 is divided by 5.
2
What is the remainder when 2200 is divided by 105?
100
What is the remainder when 90 is divided by 60?
30
What is the remainder when 361 is divided by 26?
23
Cal